9
2 + -4 + -11 + (719 - 737) + -8
-39
Calculate 8 + -7 + -135 + (33 - 22) - (-15 + 1).
-109
Evaluate 22 + -10 - (14 + -7 + 2 + -17).
20
What is the value of -45 + 34 + -21 + 44?
12
What is 101 + (-15 - (15 + -52) - (30 + -26))?
119
(96 - (61 + -156)) + -70
121
Evaluate -80 - (34 - (11 - (4 + -36))).
-71
What is -19 + (-17 - (-23 + -20 + 32))?
-25
What is (-111 - (-45 + -8)) + 41?
-17
-3542 - -3447 - (45 + -5)
-135
What is -3 + (-9 - (-3 + -16)) + (96 - 198)?
-95
What is the value of 0 + 0 + -13 + (4 - -72)?
63
What is the value of 28 + -15 + (1 + -2 + -59 - 10)?
-57
Evaluate (8 - -3) + 161 + -171 - -38 - 2.
37
Evaluate 9 - ((61 - 2) + (296 - 264 - (30 - 1))).
-53
What is 24 - (1 + -20 + -462 + 430)?
75
-4 + -11 + (1 - 6) + 11 + -9 + 1
-17
What is 6 + -34 - (73 - 87) - (7 + -3 + 3)?
-21
What is the value of (-2 - -2) + 5 + 128 + -3 + -106?
24
What is the value of (673 - 627 - (53 - -1)) + (2 - 0)?
-6
What is -49 + (52 + 28 - 51)?
-20
What is the value of (6375 - 6434) + 0 + 19?
-40
Calculate (555 - 559) + (-147 - (-10 + -5)).
-136
What is -3 + -54 + (54 - 6)?
-9
Evaluate 37 + -115 + 28 - -34.
-16
Calculate (6 - (-1 - (-10 - -3)) - 5) + 55.
50
What is -9 - (21 + -21) - (-1 + -43 - -1)?
34
Calculate -79 - (-79 - -24 - 62).
38
What is 92 - (-34 + 24 + 62)?
40
Calculate (-11 - -21) + (-4 + 0 - (79 + -62)).
-11
Calculate 45 - (29 + -13) - -18.
47
What is 6 + -2 + 17 + -1 + -4 + 2 + -22?
-4
What is the value of (-34 - (3 + 0)) + (5 - (22 + -33 - -8))?
-29
Evaluate -4 + 3 + (-4 - (-9 + 12 - -3)) + 21.
10
What is the value of 1 - (59 + (-20 - (-18 + 15)))?
-41
What is -28 + 12 + -51 + 2 + 1 + (-11 - -3)?
-72
What is the value of 0 - 46 - ((-9 + 2 - (-167 + 172)) + 23)?
-57
What is the value of (35 - (25 + (-56 - -35))) + 25?
56
What is (-82 - 25) + 76 - (1 - -31)?
-63
What is the value of (12 - 9 - (-3 - 63)) + (1 - -15)?
85
What is 9 + ((-1 + 8 - 19) + 25 - 76)?
-54
Calculate 1 + 149 + -982 + 893.
61
Evaluate 40 - 29 - 84 - -41.
-32
What is -153 - -105 - (-79 - 6)?
37
Evaluate 11 - (2 + -10 + 41 + -5 + -28).
11
14 - (-7 - 0) - (45 - -6)
-30
What is the value of 10 + 35 - 47 - (1 - -59)?
-62
9 + (-51 - (-25 - 11))
-6
Evaluate (138 - -10) + -29 + -15.
104
What is the value of 2 + -7 + (2 - -2) + 9 + -48?
-40
What is (-2 - (6 - 37 - -23)) + -4 + (38 - -2)?
42
Calculate (7 - (-2 + 3)) + -4 - (714 + -747).
35
Calculate -13 - (-24 + 24) - -6 - -14.
7
What is the value of (20 - (8 - 11 - -46)) + 20?
-3
What is the value of 18 + -29 - -8 - -9 - 10?
-4
53 + -131 - -83 - 63
-58
-81 - ((6 - (20 - (-21 - -34))) + 15)
-95
What is the value of -134 + (208 + -88 - 68)?
-82
Calculate (-184 + 271 - 63) + -4 + 1 + -2.
19
Evaluate -136 - -135 - (7 + (0 - 2) - (-74 + 8)).
-72
(-1 + -8 - 17) + -105 - -26
-105
Evaluate 61 + 11 + -18 + -52 + (1 - (-5 - 1)).
9
What is the value of -45 - -92 - 43 - (-22 - 2)?
28
What is -33 + 7 + 29 - -51 - 16?
38
Evaluate (88 - 4) + 445 + -501.
28
54 - (-22 - -145 - 45)
-24
What is (10 + -8 - 33) + 32?
1
Calculate 85 + -117 + (-26 + 41 - -103).
86
What is 4 - (-33 - -37) - 28?
-28
What is 30 - (-74 + 150 + -52)?
6
Evaluate 11 + -5 - ((55 - 67) + 3 + (24 - 3)).
-6
(10 - 36) + 6 - (-30 + 89 - -45)
-124
What is (190 - 199) + (0 - (-54 - -1 - (-3 - 1)))?
40
Evaluate (-47 + 18 - -6) + 12 - 10.
-21
What is the value of 38 + -19 + (-64 - -11)?
-34
What is -11 + (8 - (0 - (7 + -11))) + 41?
34
What is the value of (8 - 47 - -17) + 16 - (6 - (-32 + 4))?
-40
Evaluate 5 + 2 + (23 + -39 + -5 - -53).
39
18 + (24 - -1 - 47) + 4 + (5 - 0)
5
Evaluate -49 + 17 + 30 + -1 + 14 - 8.
3
Calculate -43 - (19 + -14) - -21.
-27
-58 - (-64 + (262 - 163))
-93
86 + 95 + -76 + -95
10
What is -47 + 19 + (7 + 18 - 1)?
-4
What is (43 - 47) + 28 + -12 + 72?
84
Calculate 89 - (53 - (-38 + 31)).
29
What is -11 + -8 + 8 + -20 - -14?
-17
What is -15 - (-12 + -3 + 2 - (-12 - 7 - -10))?
-11
What is the value of -3 + 15 + 1 + 36 - 19?
30
Evaluate (-387 - -383) + (-1 - -1 - 7) - -24.
13
Calculate 39 + (-40 - -11) + 28.
38
Evaluate 90 + -20 + -32 + -17 + -38.
-17
What is -23 + 30 + -55 + 29?
-19
Evaluate (17 - 6 - (-37 - -33)) + -61.
-46
Evaluate 95 + -280 + 178 - (-10 - -1).
2
Calculate (-8 - 1) + 1 + -26 + (15 - -28) - 55.
-46
Calculate 15 - -2 - ((25 - 18 - -21) + -25).
14
Evaluate -7 - -12 - ((41 - 4) + -27).
-5
What is -68 + 57 - -104 - 91?
2
4 + 1 + -13 + (19 - (-30 + -1 + -9))
51
What is the value of -14 + (-2 - 0) + (-14 - -12) + -9?
-27
What is the value of (-28 - -31) + 5 + 7 + -22 - (-4 + -31)?
28
What is the value of -77 + (22 - -81) - -63?
89
Calculate -81 + -1 + 4 - (703 + -714).
-67
What is the value of (3 - (-30 + 8 - -28)) + (-77 - (0 - -1))?
-81
What is the value of 451 - 456 - (0 - 2) - 31?
-34
What is (-36 - 12) + -79 + 151?
24
17 + -4 + -186 - -60 - (-9 - 1)
-103
(-20 - 2 - -17) + (16 - 5) + -3
3
What is the value of (-1033 - -1028) + (21 - -14)?
30
What is -7 - (59 - 119 - -49)?
4
Evaluate 1268 - 1275 - (56 + 3).
-66
Calculate (27 - -11) + -1 + -48 + -35.
-46
Evaluate (-7 - (-19 - 17)) + (-4 - (-5 - 8)).
38
Calculate (74 - 83) + (-19 - -47).
19
Evaluate 108 - (7 + (-1 - 0) - (-3384 - -3412)).
130
(-7 - (10 - 6)) + (-29 - -23) + 52
35
What is -7 + (7 + 20 + -12 - -28)?
36
What is 2 + (-60 - (-128 + 74)) + (-40 - -2)?
-42
Calculate -52 + 1 + (-3877 - -3962).
34
Evaluate 9 + -34 + 16 + -9 + -30.
-48
-34 - (-114 - (-7 + -108) - (12 + 1 - 1))
-23
Calculate (8 - (-15 - -6)) + -33 + (-26 - -96).
54
What is the value of (7 - 4) + (1 - 0) - (-4266 - -4296)?
-26
Calculate -4 + 3 - -5 - -70 - (236 - 228).
66
Calculate (21 + -2 - -4) + (-1 + 0 - -8) - -6.
36
(41 - -15) + -24 + -49 - 18
-35
What is -7 + 21 + -13 + -55 + 15?
-39
-4 - (-46 - (-67 + 21))
-4
What is the value of (-6 + 2 - -80) + -5 - (77 - 96)?
90
Evaluate -42 - (-40 - (-47 + 68)).
19
Evaluate (-3 - -1) + (-120 - -1) - (357 - (-848 - -1193)).
-133
What is -15 - (3 - (6 + -32) - 35)?
-9
What is 54 + -117 + 3 + 69?
9
What is the value of (4 - (-4 - -2)) + -7 + 26 - (12 - 4)?
17
Evaluate 0 + 0 + -7 + 15 - (-27 + -26 - -183).
-122
17 - (33 + -10) - -6 - 36
-36
Evaluate -40 + (5 - -12) + -7 + (-4 - 1 - -5).
-30
Evaluate -70 + 8 + 74 - (9 + -17).
20
(58 + -16 - 56) + -39
-53
Calculate (-58 + 48 - 22) + (-2 - -1) + 15.
-18
-14 - (81 - (-3 - -69))
-29
What is the value of 29 - (26 + -32 + 20 - 23)?
38
What is the value of 3 - (16 + -17) - (10 + -5 - 65 - 11)?
75
Calculate (618 - 684) + (3 - -57).
-6
Evaluate 0 + -18 + (-2 - (15 + -25 - (1 - 6))).
-15
Calculate (-27 - 1) + 64 + -60 + -15 + 9.
-30
What is the value of (-18 - (-3 + 1)) + 587 + -603 + (2 - -7)?
-23
What is 52 - (21 - 13) - -29?
73
31 - 16 - -78 - (8 + -16 - -10)
91
Evaluate (-67 - (80 - 154)) + (5 - 2) + 1 + -59.
-48
What is the value of 505 + -493 + (-5 + 0 - 48)?
-41
Calculate -11 + (-20 + 27 + -15 - -4) + -53.
-68
Calculate 58 + -143 - -81 - (0 + (2 - 5)).
-1
Calculate (83 - 5) + (8 + 16 + (3 - 9) - 12).
84
Calculate (75 - (184 + -92)) + -116.
-133
(-38 - -110) + -28 + -70
-26
Evaluate -7 - (-12 - (1 + 17 + -7 + -18) - -9).
-11
58 + 67 + (38 - 56) + (1 - -17)
125
Evaluate -5 + (-64 - -2 - (89 - 97) - -3 - 2).
-58
What is the value of 1 + -42 + 3834 + -3833?
-40
What is (-2 - 150) + 406 + -367 - (-1 + 7)?
-119
Calculate 10 - 11 - (-17 + (-13 - -13) + 10).
6
Evaluate (66 - 111) + -1 + (-1 - (-9 - -8)) + -11.
-57
Calculate 4 + 16 + -13 - -62 - 17.
52
What is the value of -34 - (49 + (-70 - 8))?
-5
Evaluate -72 - (-58 + (-77 - -49)).
14
What is (-131 - -132) + (0 - 1) + (5 - -1)?
6
(-7 - (11 + -19)) + (14 - 43)
-28
What is (-40 - (-6 + -16)) + (-5 - 2)?
-25
-12 + 5 + -1 + (11 - 11 - 37)
-45
What is the value of 68 + 56 + 11 + -122?
13
What is the value of 1 + 1 - -83 - (11330 + -11313)?
68
What is 12 + (59 - 33 - -37)?
75
What is the value of -27 - -24 - -42 - -53 - 18?
74
Evaluate (1 - 17 - (43 - 63) - -17) + 1 + 7.
29
Evaluate 5 + -47 + (11 - 21).
-52
-7 - (14 + -13 - -9)
-17
What is -12 + (-7 + 0 - (-112 + 72))?
21
What is the value of 227 + -200 - ((2 - -2 - -3) + 4 + -2)?
18
What is 0 + (10 + 1 - (-4 + 5 + 30 + -9))?
-11
What is -33 - -39 - -35 - (-38 + 66)?
13
Calculate (10 - 0 - 29) + -3 + -18.
-40
24 - (-18 - (2 - 42)) - -17
19
What is (36 - 53) + 0 - -9?
-8
What is the value of 10 + -18 + -5 + 11?
-2
Calculate (-178 - -39) + -204 + 195.
-148
Wha